).
5
Calculate (-9 + (4 - 4) - -3) + 6.
0
Calculate -6 + (1 + 15 + 5 + -11 - 3).
1
-3 + (3 + -3 + 2 - -18 - 5)
12
7 - (0 - 2 - (-11 + -3 + 7))
2
Evaluate (13 - 31) + -26 + 25.
-19
10 - (4 - (2 - (-8 + 13)))
3
What is the value of 4 - ((-19 - 3) + 12)?
14
What is the value of -1 - ((9 - -1) + -8 - -2)?
-5
What is 19 + -4 + 0 - (-4 + 6)?
13
-5 - 1 - (11 - (21 - 2))
2
What is the value of -7 + 1 + (-13 - -5) - -2?
-12
What is the value of -17 + 6 + -19 + (1 - -7)?
-22
What is the value of (-12 + -3 - (26 + -36)) + 9?
4
Calculate 0 + 8 + (-29 - (-15 + -25)).
19
Calculate (5 - -9 - 9) + -6 + 2.
1
Calculate 1 + -8 + 18 + 29 + -24.
16
Evaluate 24 + 7 - (-10 - -28).
13
Calculate -19 - (-58 - -9) - 24.
6
What is 1 - -9 - ((2 - -11) + -12)?
9
What is -1 + -16 - (-539 + 541)?
-19
What is the value of (-2 - -7) + -9 + (32 - 11)?
17
Evaluate -27 - ((-57 - -74) + -9 + 1).
-36
What is the value of (27 + -45 - (-25 - 0)) + (-1 - 17)?
-11
Evaluate 10 + 15 + 3 + -18.
10
0 + (-7 - ((-4 - -2) + 29 + -35))
1
Calculate -2 + 8 + -6 - 31.
-31
Calculate -13 - 0 - (-72 + 64).
-5
Evaluate -16 + (-4 - 9) - -17.
-12
Evaluate 14 + (14 - (21 - -7)).
0
What is -5 + -3 + (-74 - -94)?
12
6 + 23 - 20 - 3
6
What is the value of 27 - (-14 - (-7 - 7 - 3))?
24
What is the value of -62 + 24 + 6 + (4 - -2)?
-26
Calculate (10 - (-9 + 21)) + 1 + 8.
7
What is 0 + -2 - (4 - 7 - (-7 - -3))?
-3
4 + 3 + -6 - (-175 + 186)
-10
Calculate (-2 - -32) + -16 - (21 + 5).
-12
Calculate -60 + 71 - (2 + 2).
7
What is -37 - (-38 + 25) - -41?
17
-4 + 0 + (11 + 8 - 11) + -12
-8
What is the value of (-15 - -6) + (-4 - 1) + -22 + 30?
-6
Evaluate 14 + (6 - (-2 - (0 + -8))).
14
1 + 6 - (-23 + 28 - 31)
33
Evaluate -2 - 1 - (-8 - (-4 + 5 - 8)).
-2
What is the value of -7 + 8 + 8 - (0 - (4 + 10))?
23
What is -46 + 13 + (3 - (8 - 4))?
-34
What is the value of -22 + 27 + -13 + 12?
4
Calculate 2 + -2 + (-131 - -148).
17
What is 25 - -7 - (12 + -10)?
30
Evaluate 0 - 1 - (0 + -9 + 24 + -1).
-15
Evaluate 2 - (3 - -3 - 6 - 2) - 11.
-7
Calculate -13 - 1 - (-27 + 42 - 18).
-11
What is (-1 + 2 - 22) + -5 - (64 + -74)?
-16
(0 - -5) + -21 + 9 + 9 + -18
-16
-12 + -3 + 7 + -3 + 12
1
Evaluate 30 + (-16 + 17 + 5 - 22).
14
Calculate 1 + (13 - 23 - -29).
20
Calculate -18 + (-22 - -61 - 38).
-17
What is the value of 4 + 11 + -9 - (13 - (-8 + 4))?
-11
What is the value of 3 + (-15 - (-26 - -14) - (-1 - 0))?
1
What is the value of (-35 + -4 + 18 - -14) + -1 + 15?
7
Calculate (41 - 65) + 31 + 0 + -20.
-13
Evaluate -1 - (-5 + 1 + -3 + (-6 - -16)).
-4
What is 2 + -3 + -6 + 7 + 4?
4
Evaluate (-18 - -25) + 69 + -50.
26
What is the value of (-23 + 8 - -21) + (7 - -2)?
15
What is the value of 5 - ((12 - (7 + -1)) + -18)?
17
8 - (5 + 0) - (5 + 0)
-2
Evaluate (-3 - (-5 + -7)) + -3 + 11.
17
What is the value of 12 - 3 - (-1 + 7 + -2)?
5
Evaluate -23 - 1 - (33 - (5 + 27)).
-25
What is the value of 7 + -8 + -9 + 2 + -1 + 7?
-2
7 - ((-82 - -74) + 8 + (-3 - -2))
8
Evaluate (0 - ((-29 - -14) + -1)) + -4.
12
What is the value of (-27 + 20 - -11) + -4 + -1?
-1
Calculate -45 + 11 + (-3 - -27) - (1 - 5).
-6
What is -22 + (25 + (-23 - -14) - 7)?
-13
Evaluate 17 + 16 + -37 - (2 + 0 - -2).
-8
Evaluate (-3 - -8) + 0 + (13 - 6).
12
What is the value of 2 + (-6 - (-10 - (1 - (5 - 0))))?
2
Calculate -114 + 103 + (-1 - -16).
4
What is the value of 3 - 1 - ((-39 - -75) + -30)?
-4
What is 1 - 9 - -13 - 0?
5
17 + (4 - -18 - 67)
-28
Evaluate -25 - (7 + 4 + (-8 - 14)).
-14
-21 + 28 + 2 + -4 + 0 + -2
3
Evaluate 5 + -5 + 1 + 9.
10
Evaluate 89 + -80 + (-2 - 11 - -4).
0
-12 - (8 + (11 - 9) + -13)
-9
What is 0 + (-29 - -22) - (3 + 1)?
-11
What is -24 + 20 - (-17 - -1)?
12
Evaluate -1 + -1 + 1 + -24 + (354 - 346).
-17
Calculate 8 - (15 + -8 + -2 + -3).
6
What is the value of (-6 + (7 - -5) - (9 + -6)) + -2?
1
What is -5 + 6 + -3 + (5 + -11 - -1)?
-7
(134 - 139) + (0 - -1)
-4
What is -5 + -29 + 11 - -12?
-11
What is (29 - 3) + -2 + (-11 + 8 - -5)?
26
What is -27 - -5 - -11 - -1?
-10
What is the value of (-4 - -13) + (-4 - 9) + 17 + 3?
16
-38 - (8 + (5 - 27))
-24
-6 + -6 + 13 + -3
-2
What is -16 + 9 + 11 + 0 + 9?
13
(3 - ((6 - -6) + -8)) + (8 - 2)
5
Evaluate 14 + (26 - (9 - -61)).
-30
Calculate (4 - -6) + -3 + 1 + 10.
18
What is the value of 6 + 301 + -285 + 0 + 15?
37
Evaluate -7 - (-35 - (-3 - (-11 + 2 - -6))).
28
Evaluate -13 + -29 + 46 - 14.
-10
What is (-19 - -4) + 8 + 2 + -1?
-6
-1 + 17 + (77 - 90)
3
What is -5 + 1 + (30 - 4 - 18) - 4?
0
(-9 - (7 - 43)) + -20
7
Evaluate (2 - 8) + -15 + (9 - 12) + 26.
2
Calculate 19 + 9 + 27 + -26.
29
Evaluate 16 + 7 + (-42 - -37).
18
What is the value of -7 + -4 + 7 - -15 - 24?
-13
What is -22 - (-36 - (-33 + 36))?
17
Evaluate (-4 - -5) + 5 + -3 + (2 - 18).
-13
Calculate 0 + -9 + (6 + -24 - -55).
28
Calculate 3 - (-27 - -15 - -20).
-5
What is the value of -1 + -1 - 15 - 2?
-19
What is the value of 5 + 6 - 8 - -12?
15
What is -11 + 11 + (-18 - -29 - (-4 - -13))?
2
Calculate -1 + -1 - (-17 + 9) - (-6 + 10).
2
(-9 - 3 - (-4 - (-8 + 14))) + 24
22
112 - 96 - (11 + 0)
5
Evaluate (-59 - -50) + 5 + 2 + -16.
-18
What is the value of -7 - -8 - (0 - (1 - 12)) - -2?
-8
Evaluate 23 + (17 - 48) + 13.
5
Evaluate -656 - -673 - ((1 - -1) + -2).
17
6 + 4 + (-10 - -1) - (6 - 2)
-3
Evaluate 9 + -2 + (-3 - 4) + -3.
-3
Evaluate 20 + (21 - 43) - (0 + 6).
-8
Calculate -30 + (-19 - -18) + 19.
-12
45 + -38 - (11 + -1)
-3
What is 2 + -1 + 2 + -19 + 30 - -7?
21
-8 - (6 - ((4 - 12) + 10))
-12
What is the value of -1 - -2 - ((74 - 36) + -26)?
-11
Calculate 23 + (-40 - -17) + 21.
21
Evaluate (3 + -25 - -9) + (-5 + 11 - 2).
-9
What is (-8 - -1) + (8 + 3 + -7 - -5)?
2
Evaluate -15 - ((-66 - -25) + 8).
18
Calculate 15 - (2 - (-22 + 4)).
-5
What is 20 + (-1 - -1) + -27 + -9 + 1?
-15
What is -6 + -2 + 21 + -4 + 3?
12
Calculate -14 - ((-19 - -8) + -19).
16
Calculate -4 + -2 - (-15 + -14 + 6).
17
Calculate 0 - (4 + -10 - -5) - -3.
4
-1 + -13 + -5 + 14
-5
What is -2 - (5 + -10 + 16)?
-13
Calculate -3 + -1 - (-28 - (-34 - -11)) - 23.
-22
What is -4 + (3 - (0 + -8) - 6) + 2?
3
Calculate 6 + (27 - (3 + 25)).
5
Calculate (1 + 3 - -3) + 58 + -3 + -52.
10
What is the value of -2 + 4 - ((-36 - -18) + 16)?
4
Evaluate -9 + (31 - 32) - (1 - 0) - -12.
1
39 + -33 + 5 - 7
4
-9 - -12 - 2 - 12 - -20
9
What is (17 - 0) + -7 + (14 - 12)?
12
Evaluate -5 - (-22 - (-13 - -6)) - -4.
14
-52 + 66 + (-2 - 2 - 18)
-8
What is -18 + 9 + -1 + -2?
-12
What is (5 - 8 - -12) + -15 + 24?
18
-14 - (0 + 10 + -3 - 5)
-16
What is -3 + 28 + 3 + -16?
12
What is (6 + 1 - 6) + -13?
-12
19 + 11 - 54 - (-1 - -4)
-27
What is -13 + 35 + 12 + -17?
17
What is the value of (18 - (4 + 1 - 1)) + (2 - -7)?
23
What is -2 + 0 + 15 + (-42 - (0 - 33))?
4
What is -46 - -37 - (3 - 5)?
-7
Calculate 1 + 9 + -7 + 20.
23
Calculate -37 - (-25 - (-30 + 26)).
-16
What is the value of -2 + -1 - (9 - (-3 - 3))?
-18
Evaluate -9 - (-39 - -5) - 15.
10
328 + -298 - (3 - -19)
8
Evaluate (18 - 3) + -8 + 2 + (0 - 3).
6
What is the value of 1 - (0 + 6) - (-4 + 5 + -4)?
-2
-20 + (5 + -23 - -9)
-29
What is -5 + (79 + -30 - 27)?
17
9 + (22 + 3 - 2) + -4
28
What is the value of (-3 - (1 + 2) - 6) + (1 - 5)?
-16
What is the value of -4 + (-6 + 14 - (-12 + 5 + 14))?
-3
What is the value of -19 + -146 + 154 + 1 + (0 - -28)?
18
What is -10 + (5 - 13 - 10 - (-1 + -8))?
-19
Calculate 15 + (-37 - -1) - -11.
-10
What is the value of 14 + -2 + 156 + -164?
4
Evaluate -26 - -25 - (-1 - -4) - (-56 + 70).
-18
What is the value of -3 - (-15 - (-5 - -2)) - (-7 + 2)?
14
What is the value of -7 + (5 - 15) + -2 + -64 + 76?
-7
6 + (7 - -2) - 9
6
What is the value of -2 - (5 + -14) - (17 + -20)?
10
Evaluate -459 + 486 - (39 - -1).
-13
What is 1 + -1 + -5 + 6 + (3 - 12)?
-8
What is (5 - -4) + (87 - 68)?
28
What is -5 - (12 + -19 - (-2 + -5))?
-5
What is -77 - -81 - (11 - 0)?
-7
Evaluate 10 + -4 + 18 + -7 - 5.
12
What is the value of -1 - 1 - (-2 + (3 - 9)) - 21?
-15
Evaluate -34 - -33 - (6 + -10).
3
Calculate 25 - (-6 - (-11 + 1)).
21
What is (0 + 0 - (10 + 7 + -12)) + 1?
-4
119 + -128 - (-1 - 5) - (1 + -11)
7
What is -3 + (0 - 0) + (-53 - -48)?
-8
What is the value of 1 - 6 - (20 + -35 + 16)?
-6
Evaluate 5 + 6 - 27 - -15.
-1
What is the value of 30 - (21 + -16) - 12?
13
Evaluate 38 - (5 + 28 + -10).
15
Calculate -13 + ((3 + -4 - -6) + 0 - -2).
-6
What is the v